rime factors of q(-8)?
2, 7
Let i = -15 - -20. Suppose -i*o + 5 = 5*w, w + o + 7 = -2*o. Let z = w + 3. List the prime factors of z.
2
Let u be -1 + -1 + 6 + -1. Suppose 3*k + 2*w = -u*w + 58, 52 = 3*k + 2*w. What are the prime factors of k?
2
Suppose -o - 2*r - 32 = 3*o, -3*o + 3*r = 42. Let a be ((-5)/o)/((-2)/72). What are the prime factors of (-166)/a - (-2)/(-9)?
3
Suppose -4*m + 625 - 1 = 0. Suppose 6*x - 156 = 4*x - s, 0 = 2*x - s - m. What are the prime factors of x?
2, 3, 13
Let v be 2/(-3) + (-920)/(-12). Let m be 4/(2*(-4)/(-6)). Suppose -v = -4*b - y - 2*y, 2*b - m*y = 38. List the prime factors of b.
19
Suppose 2*f = -0*f - 88. Let k be 309*2/6 + 9. Let z = f + k. What are the prime factors of z?
2, 17
Suppose 2117 = 10*r - 2853. List the prime factors of r.
7, 71
Let m(q) = -q**2 + 5*q - 6. Let v be m(3). What are the prime factors of 396/(3 + v) - 2?
2, 5, 13
Let j(p) = -p**3 + 12*p**2 - 13*p + 1. Let t be j(11). Let m = 33 + t. What are the prime factors of m?
2, 3
Let w(i) = 40*i**2 + 1. Let v be w(-1). Let j = v + 39. Suppose -4*s = -j - 36. What are the prime factors of s?
29
Suppose 0 = -3*i + 15, -5*b - 2*i = -i + 25. Let a(x) = -6*x + x - 2 - 1 - 2. List the prime factors of a(b).
5
Let o = 299 - 585. Let y be 2 + (-2 + o)/(-3). Suppose y = 4*f - 2*f. What are the prime factors of f?
7
Let h be (3/(-9))/(1/(-9)). Suppose 24*b - 18 = 30. Suppose -b*f = h*f - 165. List the prime factors of f.
3, 11
Let j be (0 - 0 - -14)/2. Suppose j + 73 = 4*c. List the prime factors of c.
2, 5
Let i(o) = -14*o + 113. Let r be i(7). Let m be (-1122)/(-7) + (-2)/7. List the prime factors of (r/10)/(6/m).
2, 5
List the prime factors of ((-12740)/6)/(-5) + (-22)/33.
2, 53
Let r(k) = 37*k**2 + 1. Let u be r(1). Suppose 4*z + 10 = 5*q, -4*z = -0*q + 3*q - u. Let b(c) = c**2 + 1. List the prime factors of b(q).
37
Let x(t) = t + 27. Suppose -7*z = -14*z + 28. Let d(v) = -3*v - 53. Let b(j) = z*d(j) + 7*x(j). List the prime factors of b(-10).
3
Let b(q) = q**3 + 10*q**2 - 5*q + 3. Let h be b(-13). Let r = -258 - h. Suppose -j - r = -5*k + j, -5*k - 5*j = -195. What are the prime factors of k?
37
Let r = 8 - 8. Let o be ((-14)/(-6) - 2)*r. Suppose -2*j = j + 4*t - 173, o = -5*j + 3*t + 298. What are the prime factors of j?
59
Let c = -914 + 1843. What are the prime factors of c?
929
Let i(a) = 4*a**2 - 21*a - 22. Let m be i(-1). Let r(n) = -25*n - 8. Let k be r(-6). Suppose m*b - 3*l - k = b, 355 = 5*b - l. List the prime factors of b.
71
Let p(t) = t + 24. Let m be p(-14). Let q(z) = z**3 - 11*z**2 + 10*z + 2. List the prime factors of q(m).
2
Suppose 15*v = 16*v - 7. Suppose 8*r - 46 = v*r. What are the prime factors of r?
2, 23
Let r be (-885)/(-27) + 8/36. Let t be -5 + 2 + (-5)/(-1). Suppose -t*s = s - r. List the prime factors of s.
11
Let a(x) = -79*x**2 - x + 1. Let u be a(1). Let n = u - -46. What are the prime factors of (-2)/11 + (-468)/n?
2, 7
List the prime factors of 1923 + 2 + 1 + -9 + -3.
2, 3, 11, 29
Let v = 1355 + -727. What are the prime factors of v?
2, 157
Let j = 8 + 7. Let k be 38 + 0 + 1 + -4. What are the prime factors of (63/k)/(1/j)?
3
Suppose -234*x = -231*x - 591. What are the prime factors of x?
197
Let r = 57 + -61. Suppose 5*n - 2*l = -40, 0*l - 20 = -4*l. List the prime factors of ((-56)/n)/(r/(-6)).
2, 7
Let r(k) = -4*k**3 - 4*k**2 + 3*k - 22. Let s(g) = g**3 + g**2 - g + 7. Let p(d) = -2*r(d) - 7*s(d). List the prime factors of p(4).
79
Suppose 0 = 4*t + 9 - 17, -t + 1109 = p. List the prime factors of p.
3, 41
Let d be 2 - 3 - (2 - 0). Let w(h) = 3*h - 2*h**2 + 4 + 6*h**2 - h. List the prime factors of w(d).
2, 17
Let w(q) = -q**3 + 8*q**2 + 6*q - 6. Let p be w(8). Let o be -6*-6*(-8)/18. Let c = o + p. What are the prime factors of c?
2, 13
Let u(v) = -v**2 + 8. Let j be u(0). Let q be (10 - 8) + j*1. Suppose 0 = 2*z - q, 4*g = 3*z + 28 - 11. What are the prime factors of g?
2
List the prime factors of -3*1/7 + (-50140)/(-161).
311
Let p = 842 - -217. What are the prime factors of p?
3, 353
Suppose -3*c = -5*c + 4, -4*c + 76 = 4*y. Let t(r) = 0 + 2 - y*r + 5*r. List the prime factors of t(-1).
2, 7
Suppose -1255 = -5*u + 245. Let f = u + -184. What are the prime factors of f?
2, 29
Let o = -1450 + 3139. What are the prime factors of o?
3, 563
Suppose 11*j = 7*j - 508. Let w = -2 - j. List the prime factors of w.
5
Let c = -1 - -1. Let t be 6/4 - (-9)/6. Suppose c = t*h - 63 - 0. List the prime factors of h.
3, 7
Suppose 2*y - 5 = -2*u - 3, 0 = -4*u - 3*y + 5. Suppose -u - 32 = -2*s. Let v = -9 + s. What are the prime factors of v?
2
Suppose -3*n - 5*g = 17, 6*n - n + 15 = 5*g. Let i(l) = -l**3 - 5*l**2 - 2*l + 4. Let j be i(n). List the prime factors of (-2)/j - 51/(-6).
3
Let y(o) = 3*o**3 - 12 - 5*o - 3*o**3 - o**3 - 7*o**2. List the prime factors of y(-8).
2, 23
Suppose 0 = 6*v - v + 50. What are the prime factors of 151 - (45/75 - 4/v)?
2, 3, 5
Suppose 5*h = 17 + 8. Let j(z) = -5 + 3 + 0 + 1 + z. What are the prime factors of j(h)?
2
Suppose 0 = 34*s - 140 - 1492. List the prime factors of s.
2, 3
Suppose -d + v = -8, -5*d - v + 19 = v. Suppose -97 = -d*a + 128. List the prime factors of a.
3, 5
Suppose 0 = -5*a + 2*t + 28, -3*a + 0*t - t + 8 = 0. Let w(f) = 14*f**2 - f + 5. List the prime factors of w(a).
3, 5
Let g(o) = -o**3 + 2*o**2 + 2*o + 6. Let m be g(3). Suppose m = 2*d - 5*d, 2*d + 431 = 3*f. List the prime factors of f.
11, 13
What are the prime factors of (13 + 2893)/(13/26)?
2, 1453
Let d = 203 + -37. List the prime factors of d.
2, 83
Suppose 11*m = 13277 + 15488. List the prime factors of m.
5, 523
Suppose 4*t + 4*z - 84 = 64, -3*t = 4*z - 116. Let o = t + -9. What are the prime factors of o?
23
Let r be (-1)/4 + (-65)/(-4). Suppose -5*k + 9 = -f, 5*f + 15 = -2*k - 3. What are the prime factors of (-129)/(r/f + 1)?
43
Let a(t) = 17*t**2 + 4*t + 2. Let x(q) = -51*q**2 - 11*q - 6. Let y(k) = -8*a(k) - 3*x(k). List the prime factors of y(3).
2, 79
Let d be 6/1 + (1 - 2). Suppose d + 10 = -3*u. Let g = 27 + u. What are the prime factors of g?
2, 11
Let t be 3*(0 - 2)*(-2)/6. Suppose -62 - 76 = -t*g. List the prime factors of g.
3, 23
Let d(y) = -y**3 - 4. Let n be d(0). Let m = 0 + n. List the prime factors of (-32)/6*6/m.
2
Suppose 0 = 3*j + 2*s - 16, -s = 5*j - 5 - 10. Suppose 75 = j*i - 125. What are the prime factors of i?
2, 5
Let v = 122 + -120. Suppose -310 = -v*w - 5*l, -l + 158 = w - 0*l. List the prime factors of w.
2, 5
Let o(f) = -f**2 + 9*f - 6. Let a be (4 + (-5 - -2))*21. Suppose -k + a = 3*h, -5*h = -2*h - 3*k - 21. List the prime factors of o(h).
2
Let f(o) = -o**3 + 15*o**2 + 85*o + 1. What are the prime factors of f(-6)?
13, 19
Let i = 2 - 1. Suppose -i = -t + 11. List the prime factors of t.
2, 3
Let w be 42/9 - (-7)/21. List the prime factors of (-102)/(-4)*4/(-3 + w).
3, 17
Let n(y) = -73*y - 61. What are the prime factors of n(-9)?
2, 149
Let d = -168 + 256. Let u = 18 + d. Suppose 3*a = u + 101. What are the prime factors of a?
3, 23
Let a(j) = -9 + 5*j + 2*j**2 + 10 - 11. List the prime factors of a(-6).
2
Suppose -12*l + 13881 = -46215. What are the prime factors of l?
2, 313
Let z(f) = 7*f + 30. Let l be z(-5). What are the prime factors of ((-1425)/2)/l*(-24)/(-20)?
3, 19
Let s(o) = o + 2. Let t be s(-4). Let g(q) = -q**3 - 2*q**2 + 2. Let w be g(t). Suppose 4*a = w*a + 28. What are the prime factors of a?
2, 7
Let k be -4 - (-2 - 6/(2 + -5)). Let h(s) = -5*s**3 - 7*s**2 + 5. What are the prime factors of h(k)?
3, 71
Suppose 2135 = 5*p + 3*m + 2*m, 0 = -5*m. Let d = p - 233. What are the prime factors of d?
2, 97
Let i(w) = -7*w**3 + 45*w**2 + 61*w + 24. Let p(f) = -4*f**3 + 23*f**2 + 30*f + 13. Let a(n) = -3*i(n) + 5*p(n). What are the prime factors of a(22)?
5, 47
Suppose 2*d - 3*o = 1, -4*o - 15 = o. Let i(p) = -2*p**3 - 5*p**2 - p + 4. List the prime factors of i(d).
2, 7
Suppose -5*f - 3*i - 1197 = 0, 4*i + 273 = -3*f - 443. Let k = 349 + f. What are the prime factors of k?
109
Let s be ((-2)/6)/(1/6) + -46. Let q = s - -55. List the prime factors of q.
7
Let d = -25 - -27. Suppose y = 7*l - d*l - 30, -5*l = 4*y - 5. Suppose -5*a - 325 = -l*t - 0*a, t - 56 = -2*a. What are the prime factors of t?
2, 31
Let a(i) = 8 + 0*i - 4*i**2 + 3*i**2 + 13*i. Let j be (-69